e 56 + -156 + 59 + -2 + 1 + -1.
-43
Evaluate -1 + (-5 + 1 - -12) - (-68 - -20).
55
What is 2 + 16 + (56 - 31 - 23)?
20
Evaluate 31 + (-170 - -264 - (-1 - -27)).
99
What is the value of -2 + (6 - 2 - (9 + -6) - 40) + -2?
-43
What is the value of 8 + -208 + 207 + 2 + -13 + 51?
47
Calculate 28 - ((34 - 34) + 43).
-15
Calculate 21 + (-93 - -96 - -28).
52
Evaluate 220 + (-98 - 4) - ((1 - (1 - -4)) + 3).
119
Evaluate -60 + -1 + 0 - (10 - (31 + -28 - -6)).
-62
What is 34 - ((8 - (0 - -5)) + (23 - 18))?
26
Evaluate 5 + 9 + (-27 - -14) - (115 - (-12 - -21)).
-105
27 + 4 - (57 + -64)
38
Evaluate (-64 - 0) + -23 + -19 + 44 - (-8 - 0).
-54
(-4411 - -4437) + -73 + 0
-47
What is the value of 10 + (73 - 35) - 55?
-7
What is the value of (-19 - -24) + -52 + (20 - 3)?
-30
What is the value of -118 - -122 - (-30 + 3)?
31
Calculate -41 - -267 - 120 - 68.
38
What is the value of (-3 - (4 + (4 - 4) + 5)) + 45?
33
What is (5 - 47) + 5 - (-34 + 43 + -12)?
-34
4 - 72 - -2 - (-4 + (-1 - -4) + 14)
-79
(-18 - -1) + -3 - (68 + -96 + 38)
-30
-29 - ((-22 - -53) + -68)
8
-1375 + 1451 - (72 - -1)
3
Calculate -103 + 137 + -52 + (1 - -89).
72
Evaluate 19 - (91 + -6 - 1 - 20).
-45
Evaluate -2 - -9 - (9 - 99) - (-80 - -96).
81
Evaluate -10 - -2 - (60 + -17 - 50).
-1
What is (33 - (39 + -16)) + (-10 - -1) + 36?
37
Evaluate 396 + -401 - ((-1 - -4) + 35).
-43
What is -8 + 5 + (453 - 513) - (0 + (0 - -1))?
-64
Calculate -1 + -1 + -5 + -3 + (-55 - -16).
-49
Evaluate 1 + 7 + (-2 - 11 - -6) + -9.
-8
What is -33 + 92 - (99 - 61)?
21
(-27 + -10 + 38 - (-1 - 97)) + (-36 - -44)
107
19 + -7 - (4 + -1 + 2 - (591 - 653))
-55
Evaluate 83 + (-47 - -5) + -120.
-79
What is the value of 29 - (12 + -14 + (0 - 0) + -687 + 697)?
21
What is 37 + 8 + -6 - (9 + -73)?
103
-3 + 2 + -58 - (-785 + 813)
-87
What is the value of -8 + (-8 - -51) + -20?
15
What is the value of -135 + (-218 - -341) + 2 + (-2 + -65 - 2)?
-79
Evaluate (13 - -1) + (9 + -6 - (13 + -37)).
41
Evaluate 0 + 26 + -51 + 26.
1
What is the value of (43 - 35) + -26 + 30 + 0?
12
Evaluate 20 + (37 - 21) + -8 + -3.
25
What is -67 - -2 - ((18 - -38) + -52)?
-69
What is the value of 40 - (21 + -80) - (-1 + 14 - 3)?
89
Evaluate -149 - (-86 + 49) - -51.
-61
Calculate 132 + -25 + 69 + -164.
12
Calculate -24 - 32 - (3 + -12 + 10).
-57
What is -51 + (-188 - (-77 - 46))?
-116
What is the value of 10 + (-9 - (35 - 10 - 117))?
93
Calculate -27 - (-142 + -18 + 25).
108
Evaluate (-8 + (-49 - 7) - -4) + (9 - 2).
-53
-2 + (-1 - -1) - ((50 - -26) + -71)
-7
What is 27 + -23 + 29 + -14 + -2?
17
Evaluate -1 - (24 + 48 + -43).
-30
-44 + 5 + (13 - (26 + -7 - 8))
-37
Calculate (2 + 1 - (36 + 4 - -4)) + -90 + 94.
-37
Calculate -70 + 169 + -92 + (-25 - -1) + 0.
-17
Calculate (271 - 148 - 30) + -185.
-92
What is -128 + -467 + 455 + 1 + 37?
-102
What is (0 - (-31 + 22 - -8)) + -4 + (21 - 0)?
18
What is -116 - (17 + -74) - -79?
20
Evaluate (-5 - 2) + (7 + -22 + 29 - 10) + -6.
-9
35 - 161 - (61 - 266)
79
13 + 5 + -5 + 6 - 72 - 6
-59
What is the value of 52 - (7 + -1 + 0 + 2 + (7393 - 7406))?
57
Calculate (19 - (27 + 0)) + -9 + 61.
44
-19 - -2 - ((10 - 55) + 8 + -5)
25
Calculate 33 + -28 + (-19 - (-11 - 53)).
50
What is (77 - (30 - -39)) + (-3 - (-1 - -1) - 56)?
-51
5 - (-10 - (12 + -11)) - 40
-24
Calculate (25 - 59) + 45 - (1 + -11 + (-5 - -8)).
18
What is the value of -136 - -280 - 193 - (-11 + 0)?
-38
16 - ((64 - 31) + -34)
17
(-148 - -82) + -3 - -26
-43
What is the value of 11 + -41 + -10 + 3?
-37
Evaluate (69 - 189 - -45) + 5 + -3 + 2.
-71
What is (94 - (-22 - -47)) + (-2 - 5) + -5 + -2?
55
What is the value of -2 - (2 + (-7 - (-23 + 32)))?
12
What is the value of -1 + (-5 - -31) - (-578 + 464)?
139
What is (2944 - 2931) + 4 + 8 + (1 - 2)?
24
Calculate (-5 - -19) + (3539 + -3553 - (-3 - -2 - 51)).
52
8 + 49 - (-88 + 93 - (12 + 4 - 2))
66
Calculate 21 + (12 - (7 + (11 + -9 - 4))) + -6.
22
Calculate (-44 - (-90 - -100)) + 14.
-40
Calculate 2 - 14 - (-34 - (-8 + 27 + -5)).
36
What is the value of 14 - (69 + -59 - (6 - 20))?
-10
-3 + -13 + -3 + -170 + 186
-3
(-172 + 173 - (0 - -13)) + (-6 - (53 + 1))
-72
Evaluate -362 + 369 + (-10 - -3).
0
Evaluate (20 + 4 - 9 - 22) + 50.
43
Calculate -9 + (63 - (22 + 119)).
-87
Calculate (0 - ((-7 - -10) + 4)) + 4 + 61.
58
What is 6 + -10 + 7 + -23 + (43 - (18 - -5))?
0
-10 + 57 - -34 - 21
60
What is the value of (111 - 34) + -41 + (26 - 5)?
57
Evaluate 40 + (-23 - -37) + -192 + 40.
-98
-651 + 637 + (-3 - 2)
-19
(1 - 20) + -5 + 37 + -12
1
What is the value of (-40 + 36 - 30) + (9 - -3)?
-22
23 + -2 + 0 + -1041 + 1004
-16
-81 - (12 - (104 + -47))
-36
What is -6 + 6 + 7 + (184 - 197)?
-6
What is the value of 18 - (-2 + 6) - (-2 - -11 - -89)?
-84
(-10 - (-1 - 15)) + -78 + 57
-15
Evaluate -36 + (-47 - (-2 + -63)).
-18
What is the value of -24 + (-88 - -54 - -137)?
79
Evaluate (-12 - 3 - -4) + 19 + -22 - -14.
0
Evaluate (-6 - -52) + -338 + 322.
30
What is 1 + -8 - -2 - (6 - -2 - 25 - -7)?
5
What is the value of -55 - (52 + -91 + 20 - (2 + -16))?
-50
What is the value of 44 - (15 + -14 + -30 - -61)?
12
62 + -1 + (-51 - 5)
5
Calculate -52 + 19 + 19 - 30.
-44
What is (20 + -8 - (-12 + 22)) + -1 + -2?
-1
Evaluate 9 - (6 + (-15 - -35)).
-17
Calculate -56 + -73 + -2 + 69.
-62
What is 19 - (-16 + -6 + -4) - (-1 - 0)?
46
Calculate 28 + -45 + 22 + 31 - -36.
72
What is the value of 75 - (5 + (-1 - 17 - (151 - 165)))?
74
(-87 - -91 - (-7 - 1)) + -45
-33
Calculate 2 + -2 + -3 + ((-12 - -9) + 12 - 21).
-15
Calculate 8 + (-10 - -1) + (-70 + 1 - (-6 - 7)).
-57
Evaluate 38 - (-1 - -9 - (254 + -250)).
34
4 + 42 + (-761 - -674)
-41
What is (190 - 186) + (5 - (7 - 7)) + 2 + 3?
14
77 + 14 + -80 + -2 + -28 + 1
-18
What is the value of 104 - 154 - -39 - (26 + 2)?
-39
What is the value of 252 - (-178 + 420) - (-5 + (-1 - -2))?
14
1 + -54 + -35 - -102
14
Evaluate 149 + (-4 - (23 - (16 + 3 + 12 + -15))).
138
What is (-4 - (-21 - -12) - 10) + (16 - -17)?
28
Evaluate (-6 - 22) + -11 + 5 + -15 + -6.
-55
Evaluate 1 - (-12 - ((-2 - -8) + 5)) - 1.
23
Evaluate 4 - 8 - (-30 + -13 + (4 - -2)).
33
Calculate 117 - 105 - (-11 + (14 - -123)).
-114
Calculate 10 + 9 + -5 + -1 + -1 + -2.
10
Calculate 0 - (-28 - -17 - -9 - 21).
23
What is -4 + (12 - (2 - 2)) + 927 + -941?
-6
Calculate (0 - -10) + -1 + (1056 - 1040 - (1 + 13)).
11
Calculate 35 - (7 + 20) - (-5 + -5 + (5 - 52)).
65
What is 169 - 190 - (-90 - 1) - 15?
55
What is -6 - (469 + -409 - (21 - 1))?
-46
4 + (-22 - ((-6 - (10 - 14)) + -4))
-12
4 - (10 + (7 - (5 + -15)))
-23
Calculate 37 + (-156 - -93) - (0 + 16).
-42
5 - ((-19 - 10) + 12 - 54)
76
What is 89 + -92 + -1 + 6 - (-21 + 64)?
-41
Calculate 44 + (-45 - (-35 - 4)).
38
(20 - 12) + (-1 - (-9 + -4)) + 0
20
Evaluate 52 - (-6 - (-9 - (-2 + -4)) - -1 - 8).
62
What is the value of (-37 - 27 - -57) + -42?
-49
Calculate -84 - -92 - (-60 + 10).
58
What is -6 + (7 - (4 - (13 + 6) - -15))?
1
What is the value of 141 + -120 + -1 + 14 - 77?
-43
Calculate -1 + (11 - (3 - (-5 + -5 - -5))) + -54.
-52
What is the value of -8 + (-17 + -26 + 26 - -45)?
20
Evaluate 1 + -8 + 0 - (-256 + 351 + -102).
0
What is 393 + -329 + 5 + -8 + -33?
28
Evaluate 0 + 48 + -4 + 2 + (71 - 124 - -53).
46
Evaluate 30 + (-15 - (24 - -13)).
-22
Calculate -24 + (14 - -27) + (32 - 6).
43
What is 76 + 3 + (-25 - 13 - -72) + -18?
95
Calculate 16 + (30 - 86) + (6 + -5 - -7).
-32
Calculate -16 - (-1 + -6 - -64 - (-51 + 69)).
-55
Calculate -3 + 102 + (-1 - 8) + (2 - 0).
92
Evaluate -6 + 22 - (3 - ((-6 - 0) + -17)).
-10
What is the value of 12 - 51 - -17 - ((2 + 0 - 0) + 4)?
-28
What is 25 + (-4 - 1) + (-39 + -76 - -57)?
-38
-90 + -3 - (-48 + 124 - 80)
-89
What is the value of 32 - 0 - (914 + -885) - (2 - -6)?
-5
Evaluate -2 - -5 - (43 - 25 - (7 - (62 - 12))).
-58
Calculate -67 + -1 - (73 + -87 - (-9 + 7 + -9)).
-65
Evaluate -135 - (-144 + 31) - (-2 - -22).
-42
0 - -1 - (-196 + 219 + -87)
65
What is (-12 - 0 - 2) + (-26 - (-40 - (-22 - -13)))?
-9
Evaluate -128 + 0 + 5 + (463 - 463).
-123
Calculate 203 - 90 - 120 - (18 + -1).
-24
(-4 - (-13 - (-3 + 10)) - -26) + 14
56
Calculate (7 + -19 + 7 - 19) + 1.
-23
-13 + 26 - 20 - (6 + -11 + 91 + 2)
-95
14 + -40 - (9 + -18 + -2)
-15
Evaluate (1 - 70) + (3 - (41 + -52)) - -1.
-54
What is (8 - 11) + 5 + -8 + (4 - 21)?
-23
What is -7 - (-1 - -5) - (-17 - (-78 + 19))?
-53
Evaluate